 = 10 - 8. Suppose -o = -i*o + 18. Suppose 3*l - 147 = 3*u, -2*u + 172 = 4*l - l. Calculate the highest common divisor of o and l.
18
Let p(x) = x + 44. Let q be p(-19). Suppose 0 = -0*l + 2*l - 50. Calculate the greatest common factor of l and q.
25
Suppose 6*i - 3*i = y + 24, -3*y - 18 = -3*i. Let o = 29 + -2. Suppose -12*q = -15*q + o. What is the greatest common divisor of q and i?
9
Suppose -3*x = -0*x + 6, 4*x - 56 = -2*c. What is the greatest common factor of 24 and c?
8
Let n(u) = u + 12. Let i be n(-7). Suppose -i*x + 8 = d - 0*x, 0 = 5*x. Calculate the greatest common divisor of 296 and d.
8
Let f be 464/3 + 4/(-6). Suppose -65*p - 48*p + 396 = -95*p. What is the highest common divisor of f and p?
22
Let v(p) = 4*p + 2. Let t be v(-1). Let n be 8/(-3 - -3 - t). Calculate the highest common divisor of n and 28.
4
Suppose 4*c + 0*c = 0. Suppose 0*r - 3*r - 253 = -5*a, -2*a - 5*r + 95 = c. Calculate the greatest common divisor of 30 and a.
10
Let m(c) = 1 + 0 + 7*c + 0 - 3. Let i be m(1). Let k be (-239)/(-6) - 1/(-6). Calculate the greatest common divisor of i and k.
5
Let z be (140/84)/((-2)/(-12)). Calculate the greatest common factor of z and 95.
5
Let g be (-3 - 1)/((-12)/153). What is the greatest common factor of 34 and g?
17
Let x be (256/(-24))/((-1)/3). Suppose 0 = 7*i - 9*i + x. Let d = 51 - i. What is the highest common divisor of 35 and d?
35
Let s(b) = -12*b - 9. Let m be s(-6). Suppose -8*x = 15*x + 828. Let c = m + x. Calculate the greatest common factor of c and 3.
3
Let h be 1/(-3) - (112/(-6))/8. What is the greatest common factor of 5 and h?
1
Suppose 2 = 2*l - 2*o - 0, -2*o = 0. Let i be (22/33)/(l/24). Calculate the greatest common divisor of i and 144.
16
Let f(k) = 3*k**3 + 78*k**2 + 2*k + 59. Let b be f(-26). Calculate the greatest common factor of 847 and b.
7
Let z be 15/5 + -6 + 92. Let b = z - 125. Let x be -4 - (-9)/(b/(-104)). Calculate the greatest common factor of 11 and x.
11
Let m(z) be the first derivative of -z**3/3 - 13*z**2/2 + 14*z + 11. Let q be m(-13). What is the greatest common factor of q and 56?
14
Let l be -10 + (-2120)/(-50) - 2/5. Calculate the greatest common factor of 76 and l.
4
Let z = -692 + 828. Calculate the greatest common divisor of 104 and z.
8
Let f(i) = 2*i**2 + 23*i - 228. Let x be f(8). What is the highest common divisor of x and 21?
21
Suppose 2*z + 1 = -27. Let j(k) = -3*k - 21. Let h be j(z). Calculate the greatest common divisor of h and 105.
21
Let u be -1 + (2 - (-1)/1). Suppose -65 = u*p + 3*p. Let g be (-1 - p)*(-3)/(-4). What is the greatest common divisor of 99 and g?
9
Let k = -213 + 229. Let s be 72/(-10)*(-30)/4. Let i = s + -38. Calculate the greatest common divisor of i and k.
16
Let h be 2/(-4) + (-13)/(-2). Let i be 86/6 + (-2)/h. Let j = -19 - -54. What is the highest common factor of i and j?
7
Let v = -1143 - -1167. Suppose 1 - 17 = -2*k. What is the greatest common divisor of k and v?
8
Let o = 70 + 12. Suppose 3*z + 3 = -3*a + 15, -5*a - 8 = -2*z. Suppose a = 4*r - o + 18. Calculate the highest common factor of r and 64.
16
Let a(h) = h**3 - 11*h**2 - 38*h - 23. Let n be a(16). Calculate the highest common divisor of 59 and n.
59
Let c = 737 + -386. Calculate the greatest common factor of c and 18.
9
Suppose -64 = -7*z + 3*z. Let s = 30 - z. Suppose -30 = 9*w - s*w. What is the highest common factor of w and 66?
6
Suppose 25*h - 1200 = 21*h. Calculate the greatest common factor of 12 and h.
12
Suppose 0 = -4*u - 4*q - 12, 0 = -u - 0*q + q + 7. Let n be -4 + u/4*92. Calculate the greatest common divisor of 105 and n.
21
Suppose 3*j + 6 - 29 = -z, -19 = -z - j. Calculate the highest common divisor of z and 136.
17
Suppose -185 = -5*x + 3325. Calculate the greatest common divisor of 54 and x.
54
Let b(i) = -10*i**3 + 2*i**2 + i - 2. Let f = -54 - -52. Let t be b(f). What is the greatest common factor of t and 28?
28
Let m be (-16 - -2)/(42/(-189)). What is the greatest common factor of m and 9?
9
Let t(k) = -3*k + 23. Let j be t(7). Suppose -2*s = -2*l - 3*s + 19, 2*s = j*l - 22. What is the highest common divisor of 60 and l?
10
Suppose -6*h + 2*h = -4*a + 64, -a + 2*h + 11 = 0. Suppose 23 = 5*s + 2*t, -2*t - 45 = -5*s + 2. Calculate the greatest common divisor of s and a.
7
Let r(c) = 104*c + 1482. Let w be r(-14). Let f be -7*(-25 + -2 + 1). What is the highest common divisor of w and f?
26
Suppose 360 = -16*z + z. Let t(k) = -k**3 - 5*k**2 - 2*k - 4. Let a be t(-4). Let l = a - z. Calculate the greatest common divisor of l and 48.
12
Suppose v - 2002 = -4*w + 3*v, -3*v - 1509 = -3*w. What is the highest common factor of w and 3?
3
Let b(f) = 4*f**3 - 15*f**2 + 24*f + 6. Let v be b(4). Let a be ((-2)/4)/(1/12). Let c = a + v. Calculate the greatest common factor of 14 and c.
14
Suppose 4*j = i - 22, -4*i + 7*i = -j + 1. Let d be 4/(-2) + 4/i. Suppose d = 5*y - y - 72. What is the greatest common divisor of y and 2?
2
Let w be (-2 + 10/4)*30. Let a(x) = x**2 - 4*x. Let s be a(5). Suppose g = -4*u + 185, 3*u + g - s*g = 115. Calculate the highest common divisor of w and u.
15
Let r be 4 - ((6 - 2) + -8)/(-4). Suppose 0 = -4*j - r - 5, -3*j + 2082 = 4*z. Calculate the greatest common divisor of z and 58.
58
Let b be 2/((-2)/63)*-1. Calculate the greatest common factor of b and 252.
63
Suppose 39 + 447 = 27*z. What is the greatest common divisor of 1737 and z?
9
Let u = 20 + 85. What is the highest common divisor of u and 30?
15
Let t be 1/2*2 + 28. Let q(n) = -9*n + 21*n**2 - 17*n**2 + 19 + 0. Let u be q(8). Calculate the greatest common divisor of t and u.
29
Suppose 0 = 127*m - 136*m + 1800. Calculate the greatest common factor of 150 and m.
50
Suppose -272 = -8*i + 184. Calculate the highest common factor of i and 19.
19
Let b(t) = t**3 + 2*t**2 - 3*t - 2. Let n be b(-2). Let q(g) = 22*g - 52. Let s be q(4). Calculate the highest common divisor of n and s.
4
Let k = 224 + 55. What is the greatest common factor of k and 62?
31
Suppose -452 = -4*u - 5*r - 0*r, 4*u + r - 436 = 0. Calculate the highest common factor of u and 684.
36
Suppose 15*s + 6 = 17*s. Suppose 92 - 14 = s*k. Let u = 20 + 58. What is the greatest common factor of u and k?
26
Let k(c) = -8*c + 282. Let m be k(33). Calculate the greatest common divisor of m and 810.
18
Let l(t) = t**3 + 4*t**2 + 3*t - 4. Let k be l(-3). Let j be (3/(-2))/(7/k - -1). Calculate the greatest common factor of j and 2.
2
Suppose -w + 12 = 4*q, 18 = 6*q - q + 2*w. Let v be q + -10 + 4 + 40. What is the highest common factor of 90 and v?
18
Suppose -39 = -5*d - 14, 10 = 3*f - d. Suppose g - 348 = -f*g. What is the highest common divisor of g and 87?
29
Let y = -138 - -197. Suppose 2*j = s - 15 - y, -4*s = 4*j - 236. What is the highest common factor of s and 128?
64
Let f(s) = s**2 + 4. Let o be f(0). Let c be -20*1*4/10. Let p be c*(0 - 2/4). Calculate the highest common factor of o and p.
4
Let a(n) = 6*n + 16. Let g be a(14). Suppose -4*i = -5*w + 151, -4*w + i + 12 = -g. What is the greatest common factor of 54 and w?
27
Let m(w) = -2*w. Let c be m(-19). Let g = c - 31. What is the highest common factor of 56 and g?
7
Let d(l) = 2*l**2 - l - 2. Let a be d(-2). Let g(t) = t - 20. Let u be g(a). Let h be u*((-28)/8 - -2). Calculate the highest common divisor of 45 and h.
9
Let a be 15070/65 - (168/91 - (2 + 0)). Let o(h) = 28*h**3 + h. Let j be o(1). What is the highest common factor of a and j?
29
Let l = -41 + 56. Calculate the highest common factor of l and 1920.
15
Let z be ((-4)/5)/((-1)/320). Suppose -3*p + 0*t = -4*t - 16, 0 = -p - 4*t + 32. Suppose 3*a - 108 = -p. What is the highest common factor of z and a?
32
Let z(h) = h**3 - 43*h**2 + 43*h + 444. Let g be z(42). Calculate the highest common factor of g and 18.
18
Suppose -8*o = -10*o + 42. What is the greatest common factor of 105 and o?
21
Suppose -3*x - 268 = -5*k, 5*k + 4*x - 128 = 3*k. Calculate the highest common factor of 140 and k.
28
Suppose -21*l + 7702 = -992. What is the greatest common divisor of l and 36?
18
Let q(p) = -3*p**3 - 2*p - 10 - 1476*p**2 + 2*p**3 - 3*p + 1489*p**2. Let n be q(5). What is the highest common factor of 15 and n?
15
Let h be (-6146)/(-30) + ((-56)/60)/(-7). Calculate the highest common factor of 5 and h.
